 z = 8 + -2. Suppose 5*y - z = 3*y. Determine d(y).
-1
Suppose 0 = -m - 0*m - 4*a - 3, 3*a - 38 = 5*m. Let p(r) = -r**3 - 7*r**2 + 3*r + 18. What is p(m)?
-3
Let b be (18/(-8))/(4/(-32)). Let k = b - 11. Let c(i) = 0*i**2 - k*i + 6*i - 7*i**2. Calculate c(-1).
-6
Let v(p) = -4*p**3 - p**2 - 2*p - 1. Let q(f) = 2*f + 9 + 4*f - f + 2*f. Let y(g) = -3*g - 4. Let x(j) = -2*q(j) - 5*y(j). Let h be x(-3). What is v(h)?
4
Let q = 59/12 - 14/3. Let v(b) be the first derivative of 2/3*b**3 - 5 - 3/2*b**2 + b + q*b**4. What is v(-3)?
1
Suppose 0 = -46*w + 43*w - 3. Let r(g) = 29*g**2 - g - 1. Determine r(w).
29
Let f(z) = -4*z + z + 4*z - 11. Let a(g) = g**3 + g**2 - 31*g + 5. Let s be a(-6). What is f(s)?
0
Let d(p) = 4 - 8 + 3 + p**2 + p. Let y = 26 + -28. Give d(y).
1
Suppose 4*k = 20, -t - 6*k = -7*k + 7. Let q(g) = -4*g + 2. Give q(t).
10
Let h(i) be the third derivative of 0 + 5/24*i**4 - 11*i**2 + 1/720*i**6 + 0*i**3 + 0*i - 1/10*i**5. Let u(s) be the second derivative of h(s). Give u(5).
-7
Let j(d) = d**3 + 4*d**2 - d - 2. Let g be (-17)/((-170)/6)*-5. Give j(g).
10
Let p be (0 - 1) + 12 - 1. Suppose -b = -5*d + 6 + p, 8 = 2*b. Let q(l) = -l**3 + 3*l**2 + 4*l + 5. Calculate q(d).
5
Let g(s) = 2*s**2 + 8*s + 1. Let c be 84/(-20) - 8/(-40). What is g(c)?
1
Let w(b) = -b**3 - 6*b**2. Suppose 10 = 4*a - 2. Let n be -3 + -10 + a + 4. Determine w(n).
0
Let u(t) = t**2 - 7*t + 1. Let p(i) = i**2 - 1. Let c(j) = -2*p(j) + u(j). Let q = -183 - -178. Give c(q).
13
Let x(s) = -546*s - s**2 - 552*s - 2 + 1093*s. Give x(-5).
-2
Let w(u) = 3*u - 2*u + u. Let r(h) = 7*h**3 - 7*h**2 - 5*h - 10. Let b(k) = 4*k**3 - 4*k**2 - 2*k - 5. Let z(a) = -5*b(a) + 3*r(a). Let n be z(3). Give w(n).
-4
Let n = 21 + -13. Let z(k) = 2*k + 10 - 3*k + 0*k. Give z(n).
2
Suppose 4*d + 48 = -10*w + 9*w, w - 69 = 5*d. Let i(b) = -b - 13. Calculate i(d).
0
Let g = -7 - -7. Suppose d = -g*d. Suppose c - 2 = -d*c. Let p(i) = i**2 + 1. What is p(c)?
5
Let j(b) = b - 18. Let o be 7/(-42)*-3*0. Give j(o).
-18
Suppose 0 = 2*l + q - 53, 5*l + 4*q - 146 = -21. Let h = -25 + l. Let m(p) = p**3 - 3*p**2 - 3*p. What is m(h)?
4
Let f(w) = -2*w**2 - 3*w - 3. Suppose -5*q + 22 = 3*g, -3*q = -5*g - 6 - 14. Suppose -103 = -q*a - 383. Let o be a/(-42)*(-6)/4. Calculate f(o).
-5
Let i(f) = -f. Let c be i(0). Let y(l) = c + 3 - 5 - 2*l - 3. Calculate y(-5).
5
Let g(u) be the third derivative of -u**7/504 + u**6/720 - u**5/30 - 3*u**2. Let k(r) be the third derivative of g(r). Let i = -309 - -308. What is k(i)?
11
Let j = 13 + -4. Let h(b) = -33*b - 5. Let c(v) = 11 + 7*v - 10 + 5*v - 4*v. Let g(x) = j*c(x) + 2*h(x). Give g(1).
5
Let h(l) = -l**2 - 2*l - 1. Suppose 5*f + 19 = 3*m, f + 5*m + 11 = 8*m. Let v be -6*(1 - (-2)/4). Let c be f/v - (-48)/27. Give h(c).
-9
Let l(t) = t**3 - 10*t**2 - 13*t + 16. Let w be l(11). Let v(n) = -55*n**2 - n**3 + 27*n**2 + 6*n + 23*n**2. What is v(w)?
0
Let f(c) = 3*c**3 - 8*c**2 + 7*c + 20. Let y(m) = 2*m**3 - m**2 - m + 2. Let l(z) = f(z) - 2*y(z). What is l(-7)?
2
Let i(q) be the third derivative of q**8/6720 - q**7/504 - 7*q**5/120 + q**4/4 + 14*q**2. Let g(y) be the second derivative of i(y). Calculate g(5).
-7
Suppose -18*g + 36 = -24*g. Let x(s) = s - 8. Calculate x(g).
-14
Let i be (-5)/(35/(-6)) + (-342)/(-42). Let x(s) = -s**3 + 10*s**2 - 9*s + 9. Give x(i).
9
Let l be (-20)/(-16)*(-4 + 0). Let w(z) be the first derivative of z**4/12 + z**3 + 2*z**2 - 30*z + 41. Let c(f) be the first derivative of w(f). Give c(l).
-1
Let v(l) be the second derivative of -l**3/6 - 3*l**2/2 - l. Let i(g) = -15*g - 13 + 28 - 11 + 4*g**2 - 2*g**2. Let o be i(7). Calculate v(o).
0
Let r(p) = -1. Suppose 5*t + 0 = 5. Let u(q) = -4*q + 7 + q**2 + q**3 - 5 + 2*q. Let n(a) = t*u(a) + 2*r(a). Determine n(-3).
-12
Let v(a) = 5*a**2 - a. Suppose 9*q - 200 = 11*q. Let d = -101 - q. What is v(d)?
6
Let h(f) be the second derivative of -f**5/10 - 7*f**4/12 - 2*f**3/3 - 5*f**2 + 10*f. Let q(r) = r**3 - r**2 + r - 1. Let b(z) = h(z) + q(z). Give b(-8).
13
Let c(o) = 2*o**3 - o**2 - 2. Let u(z) = 9*z**3 - 2*z**2 - 2*z - 1. Let y be u(-1). Let v(n) = n - 4. Let h be v(-8). Let q = y - h. Give c(q).
10
Let r(o) = 2*o**2 - 4*o + 0 + 2 - o**2. Suppose 3*z - w + 4 = 0, z + 0*z + 2*w - 8 = 0. Let j be 0 + 16/4 - z. Determine r(j).
2
Let t be 40/5*(-6)/(-8). Let c(n) = t*n**2 - 3*n**3 - 2*n - 7 + 2*n**3 + 12 - 6. Calculate c(6).
-13
Let d(n) = -5*n + 3*n + 3*n + 3 + 1. Let j(g) = -3. Suppose 0 = -a - 5*s + 28, 2*s - 7 = 4*a - 3*a. Let i(c) = a*d(c) + 3*j(c). Calculate i(-3).
-6
Suppose -f - 20 = -2*o, 42 + 33 = -5*f + 5*o. Let p(w) = w**3 + 9*w**2 - 14*w - 5. Calculate p(f).
35
Let j(i) = -i**3 + 8*i**2 + 10*i - 5. Let c be j(9). Let z(p) = 17*p - c*p + 7 + 9 - 12*p. Give z(0).
16
Let n(b) = 14*b + 9. Let i(z) = -12*z - 8. Let x(s) = -4*i(s) - 3*n(s). Calculate x(0).
5
Suppose 0*l - 15 = -3*l. Let d(g) = -l + 5*g + 2 - 4*g + 4*g - 2*g**2. Let k be -3*(4/(-2) - -1). Give d(k).
-6
Suppose 5*f + 75 = -0*f. Let a = f + 11. Let g(p) = -p**2 - 2*p - 11. Let y(t) = -t + 1. Let d(v) = g(v) + 5*y(v). Give d(a).
6
Let s(k) = -k**2 + 2*k. Let f(v) = v**2 - 4*v + 7. Let a be f(2). Suppose -13 = 4*y + 5*n, -2*n + 16 = -a*y - 7*n. What is s(y)?
-3
Let j(m) be the first derivative of -m**4 + 3*m**2/2 + 2*m - 216. Calculate j(-1).
3
Let d(a) = -a + 1. Suppose 2*y - 2 + 7 = -g, -y = 4*g + 20. Suppose y = 4*r - 5*u - 36, 4*u - 2 = -3*r - 6. What is d(r)?
-3
Let c(a) = 5*a**2 - 10*a - 13. Let j(i) = 13*i**2 - 29*i - 37. Let x(l) = 8*c(l) - 3*j(l). What is x(-8)?
15
Suppose -v + p = -3*p + 14, 2*v + 3*p = 27. Let m(j) = -3*j + 9. What is m(v)?
-9
Let u(v) = -v**3 - 17*v**2 - 43*v - 13. Let d be u(-14). Let t(c) = 2*c**2 + 2*c - 1. Calculate t(d).
3
Suppose 5*r - 47 = -37. Let l(v) = v**2 - 1. Determine l(r).
3
Let m(l) be the first derivative of l**3 - 3*l**2/2 + 3*l + 1. Suppose 11*a + 76 = 98. What is m(a)?
9
Let w = 13 - 11. Let n(r) = 0 - 3 + 5 + 3*r. Give n(w).
8
Let w(o) = o**2 - o - 1. Let f = -7 - -14. Suppose 0 = 3*m + 1 - f. What is w(m)?
1
Let f(c) be the first derivative of -c**5/120 + c**4/8 - 2*c**3/3 + 5. Let x(k) be the third derivative of f(k). Determine x(7).
-4
Suppose -12*d + 400 + 152 = 0. Let l(a) = -29*a - 19*a - 3*a**2 + d*a + 1. Determine l(-3).
-20
Let u(g) = 9*g + 55. Suppose 0 = -y + 4*o + 14, -4*y + 8*o - 6*o - 14 = 0. Determine u(y).
1
Let o(t) = -3*t**2 + 2*t + 1. Let c(j) be the second derivative of j**5/20 + 3*j**4/4 + 7*j**3/6 - 9*j**2/2 - 7*j. Let m be c(-8). What is o(m)?
-4
Let v(n) = n**2 + 16*n + 17. Let w be v(-15). Let g(d) = 5*d**2 + 3*d - 2. Determine g(w).
24
Suppose -64*m - 317 = 67. Let a(n) = -n**3 + 2*n. Let d be a(-2). Let i(t) = -8*t**2 + 10*t + 3*t**2 - 5*t - t**3 - d. Give i(m).
2
Let k(b) be the third derivative of b**6/360 - b**5/24 - b**4/6 - 5*b**3/6 + 26*b**2. Let m(t) be the first derivative of k(t). Determine m(6).
2
Let d(j) = j**2 - 13*j + 5. Let z be d(13). Let b(s) = -s**3 - s**2 + 3. Let a be b(0). Let l(k) = -k**2 + z*k**2 - k - 2*k**2 + k**a. Calculate l(-2).
2
Let r(z) be the first derivative of z**3/3 - 13*z**2/2 + 11*z - 124. What is r(12)?
-1
Let v(p) = p**2 - 10*p - 9. Suppose -4*r = -5*x + 38, 0 = -3*x + r + 27. What is v(x)?
-9
Let m(u) = 2*u + 17. Let g be m(-4). Suppose -b + g = 18. Let s(z) = z**3 + 8*z**2 - 9*z - 3. Calculate s(b).
-3
Let r(s) be the second derivative of s**4/12 + 5*s**3/6 - s**2/2 - 2*s. Let y(d) = d**2 - 4*d + 7. Let o be y(4). Let a be (-56)/o + (0 - -4). Calculate r(a).
-5
Let u = 15 + -11. Suppose o + u*o = -15. Let f(l) = -l**2 + l - 1. Give f(o).
-13
Suppose 4*o = 2*a + 6, -43 = 5*a + 7*o - 3*o. Let u(f) be the third derivative of f**4/24 + f**3 + f**2. Let d be u(a). Let c(i) = -i - 1. Give c(d).
0
Let t(r) = -9*r - 2. Suppose -z = -139 + 141. Calculate t(z).
16
Let d = -648 + 643. Let j(i) = -i**3 - 4*i**2 + 7*i + 4. What is j(d)?
-6
Let d(m) be the second derivative of m**4/12 + 4*m**3/3 + 3*m**2/2 - m. Let y = 1065 - 1068. What is d(y)?
-12
Let n(d) = d**2 - 7*d - 14. Let l be n(10). Let b(x) = 3*x - l*x + 5*x**2 + 1 + 6*x + x**3 + 5*x. What is b(-5)?
11
Suppose -3*d + 4*t = -2*d + 10, 2*d = t - 6. Let u(s) = -s**2 - s. Calculate u(d).
-2
Suppose 4*c - 13 = -z, 2*c - c + 65 = 3*z. Suppose 0 = -y - 3*y - 3*w - z,